*y**4 + 43*y**3/6 + 114*y**2. What is the tens digit of u(4)?
9
Let s = 8074 + 57286. What is the tens digit of s?
6
Suppose -2*w - 4 = 0, w = b - 5676 - 1277. What is the units digit of b?
1
Suppose 6*x = -4*o + 7*x + 14190, -x - 7094 = -2*o. Suppose o + 3365 = 31*v. What is the hundreds digit of v?
2
Let w(s) = -s**3 - 10*s**2 + 63*s + 9. Let v(r) = 50*r - 318. Let n be v(6). What is the units digit of w(n)?
7
Suppose 0 = 11*u - 0*u - 0*u. Suppose 5*q - n - n - 1912 = u, -5*q = -5*n - 1900. Suppose 4*z - y = 359, 4*y - q = z - 5*z. What is the units digit of z?
1
Let q be 2 + (-5 + 10 - 5). Suppose 0 = -2*j + 6*j + 5*i - 92, 40 = q*j + i. What is the tens digit of ((-26)/(-6))/(j/324)?
7
Suppose -3466*l + 3477*l - 357412 = 0. What is the thousands digit of l?
2
Suppose -1085479 - 1300046 = -85*j. What is the tens digit of j?
6
Let d = 52881 - 17808. What is the tens digit of d?
7
Let j be (80/(-20))/((-1)/8). Let s = -21 + j. Suppose -4*i + 3*i + s = 0. What is the tens digit of i?
1
Let s = -15184 + 37613. What is the units digit of s?
9
Suppose 2651093 = 182*j - 583229. What is the tens digit of j?
7
Suppose -6*h + 11*h = 75. Suppose 2142 = h*u + 2*u. What is the hundreds digit of u?
1
Suppose -a = 2*a - 24. Let z = 3191 - 3189. Suppose -n = -z*n + a. What is the units digit of n?
8
Suppose 2*i + 7*j - 29380 = 3*j, -j - 44084 = -3*i. What is the hundreds digit of i?
6
Let d = 2834 - -7374. What is the tens digit of d?
0
Suppose -4*y + 11*y = 0. Suppose -5*x + 1946 = -3*q - q, y = q + 4. Let p = -99 + x. What is the hundreds digit of p?
2
Suppose -3*z = 2*b + 16 + 6, 5*b = -3*z - 28. Let o(d) = 4*d**2 - 11*d - 75. What is the units digit of o(z)?
5
Let m be 5*1/(5/114). Let l(t) = -120*t + 136. Let b be l(2). Let g = m + b. What is the units digit of g?
0
What is the ten thousands digit of (-60)/(-870) - 319868/(-29)?
1
Let o = 1845 + -835. What is the units digit of o?
0
Let g(p) = -p + 9. Let m(y) = -1. Let w(h) = -g(h) + 4*m(h). Let v be w(15). What is the units digit of (-6)/(-4)*34 + v?
3
Let k be (-7)/(-35) + (-24)/(-5). Suppose -k*c - 4*r = -3471, 5*c + 0*r - 3467 = -3*r. What is the hundreds digit of c?
6
Suppose -28*t + 173172 = -7503 - 52901. What is the tens digit of t?
4
Suppose 0 = -3*c + 3*o - 3783 + 20340, -o - 27603 = -5*c. What is the units digit of c?
1
Let n(b) = 48*b - 72 + 144 - 77. Let x(s) = s**3 - 5*s**2 - 6*s + 3. Let g be x(6). What is the tens digit of n(g)?
3
Suppose 3*v = 2*d - 16, -3*v - d - 20 = d. What is the hundreds digit of (382/(-5))/(203/35 + v)?
3
Suppose -2*q + 36505 = 5*h, -189*h + 187*h + 2*q + 14588 = 0. What is the tens digit of h?
9
Let z(p) = -295*p + 5591. What is the tens digit of z(-76)?
1
Suppose 7*t - 4*t = 12. Suppose -u - d + 0*d = -215, -2*u = t*d - 438. Let q = u - 146. What is the units digit of q?
5
Let d(y) = -y**2 + 7*y + 9. Let x be d(6). Suppose -3*k + 5*g + 98 = 0, -5*k + 2*g = -k - 140. What is the units digit of x/6*(-2 - k)*-1?
5
Let w be (93/(-3) - -1)*4/(-12). Let y be (1*3*-1)/(-1). Let q = w - y. What is the units digit of q?
7
Let j(o) = 3*o + 1 - 2 + 4 + 8*o - o**2. Suppose 29*q - 28 = 146. What is the tens digit of j(q)?
3
Let d(y) = 6*y + 0*y - 167*y**2 + 179*y**2. Let s be d(3). Suppose 5*j + s = 571. What is the tens digit of j?
8
Let h(b) = -b**3 - 27*b**2 + 66*b + 24. What is the thousands digit of h(-33)?
4
Let n = 77 + -70. Let m be (2/(-5)*32)/(n/(-35)). Suppose -c = 3*c + 8, -2*s + c = -m. What is the units digit of s?
1
Suppose 6992*z = 6997*z - 60. Let a be 1/(-1)*-7*1. Suppose -q + a = -z. What is the units digit of q?
9
Let i(t) = t**3 - 32*t**2 + 60*t - 92. Let r = -54 + 85. What is the units digit of i(r)?
7
Suppose -5*j + 2*j + 2*a + 12 = 0, 5*j + a - 7 = 0. What is the tens digit of (3 - 0 - (4 - j))*166?
6
Let n(z) = 205*z**2 - 13*z + 61. What is the tens digit of n(6)?
6
Let q(c) = -c**3 - 2*c**2 - 13*c - 27. Let l be q(-9). Suppose d = -358 + l. What is the tens digit of d?
9
Suppose -2*h = -v - 6, -3*v - 4*h - 43 + 15 = 0. What is the tens digit of ((-10197)/22)/(6/v)?
1
Let u = -1018 - -6233. What is the thousands digit of u?
5
Let d(o) = -o**2 - 7*o + 3. Let y(k) = 5 - 6*k + 1 - 3*k**2 - 9*k + 2*k**2. Let u(p) = -9*d(p) + 4*y(p). What is the units digit of u(1)?
5
Suppose 0 = -6*z - 2323 - 1889. Let v = z + 938. What is the units digit of v?
6
Let x(c) = 1593*c**2 - 453*c + 1352. What is the thousands digit of x(3)?
4
Let w(r) = 21*r + 9. Suppose 2*x = -3*g - 0*g + 79, -3*x - 12 = 0. Suppose 3*z + 4*k + 5 = g, 4*k = -z + 16. What is the units digit of w(z)?
3
Let a be (-48958)/(-14)*1*(-1)/(-1). Suppose 0 = 20*i - 5543 - a. What is the tens digit of i?
5
Suppose -5*s + n + 36 = 0, -4*s - 72 = -n - 101. What is the units digit of -198*((-40)/105 - 2/s)?
2
Suppose -9*b - 102 = -11*b. Let r = b - 42. Let m(k) = 9*k + 33. What is the tens digit of m(r)?
1
Let o(d) = -47*d - 8. Let w(x) = -x**3 - 7*x**2 - 7*x + 3. Let z be w(-5). What is the hundreds digit of o(z)?
5
Suppose 3*v - 881 = 3061. What is the units digit of v/((-1)/1 + 6/2)?
7
Suppose -4*k = -23 - 97. Suppose 42*y - k*y - 13764 = 0. What is the hundreds digit of y?
1
Let o(f) = f**3 - 16*f**2 + 11. Let p be o(0). Let w(g) = 2*g**3 - 11*g**2 - 27*g + 55. What is the thousands digit of w(p)?
1
Let l be 3/(-18)*9 + (-33)/2. What is the units digit of (-41483)/(-78) + (-3)/l?
2
Let z(q) = 522*q + 85. What is the tens digit of z(18)?
8
Suppose 104*w - 493675 = 701805. What is the ten thousands digit of w?
1
Suppose 0 = 3*z + i - 28783, -3*z + 14218 = -5*i - 14577. What is the hundreds digit of z?
5
Let t be 1 - (-721 - (-1 - 0)). Suppose 4*w + 63 - 79 = 0. Suppose -w*b + t = 3*b. What is the hundreds digit of b?
1
Suppose -5*p = p + 36888. What is the tens digit of -7*(-8)/280 + p/(-10)?
1
Let w(x) = 80*x**3 - 46*x**2 + 17*x + 70. What is the units digit of w(7)?
5
Let i(w) = 28 + 184*w + 8 + 1 - 1. What is the hundreds digit of i(3)?
5
Let y(v) = -v**2 - 15*v - 31. Let c be y(-3). Suppose c*a = 2*f - 2678, f - 541 = -a + 784. What is the units digit of f?
9
What is the tens digit of 40*1028/12 + (-2)/(-6)?
2
Suppose 3*q - 31308 = -3*s, 5*s + 10478 = -30*q + 31*q. What is the units digit of q?
3
Suppose c - 9 = -4. Suppose -5*t + 4*w = -28, -84 = 5*t - 3*w - 110. Suppose 60 = -t*p + c*p. What is the units digit of p?
0
Suppose 24*i + 33354 - 240701 = 51733. What is the hundreds digit of i?
7
Let c(j) = j**3 - 9*j**2 + 4*j + 62. Let b = 423 - 413. What is the tens digit of c(b)?
0
Suppose 5*s - 43575 = 2*i, -87*s = -91*s + 4*i + 34872. What is the units digit of s?
3
What is the thousands digit of 253908/33 - (-72)/(-396) - -5?
7
Suppose -3*i = 5*i - 224. Suppose 4*f + 15648 = i*f. What is the tens digit of f?
5
Suppose 0 = -5*u + x + 2330 - 443, 0 = 2*u + 2*x - 750. Let z = 511 - u. What is the units digit of z?
4
Let k be (32/(-6))/(6/(-9)). Let l(a) = 4*a**2 + 12*a - 13. What is the tens digit of l(k)?
3
Suppose -4*j = -10*j + 33816. Suppose -14*x + j - 1534 = 0. What is the units digit of x?
3
What is the hundreds digit of (-88)/(-33)*(-29592)/(-15) - (-24)/(-30)?
2
Let n be 132/18 + (-1)/3. Let l be 6/3 + (-1575)/(-3). Suppose 0 = -n*t - 16 + l. What is the units digit of t?
3
Suppose -4*a + 4*y + 170224 = 0, -66342 = -2*a + 4*y + 18760. What is the tens digit of a?
6
Let p be (140/(-21))/((-2)/3). Suppose 6 = -4*u + p. What is the hundreds digit of ((-336)/98)/(u - 158/154)?
1
Let s(f) = 2*f**2 + 141*f - 2569. What is the units digit of s(-100)?
1
Let d(m) = 2*m**2 + 11*m - 49. Let w(k) = k**2 + 12*k - 48. Let n(j) = 3*d(j) - 4*w(j). What is the units digit of n(12)?
3
Suppose -w - 2*o - 10 = 0, w = 4*o - 2*o + 10. Let s(f) = f**3 - 3*f**2 - 3*f + 292. What is the hundreds digit of s(w)?
2
What is the units digit of -11 + (-1101928)/(-905)*5/2?
3
Let o(r) = r + 9. Let m be o(-8). Let a(d) = 2*d**3 - d**2 + 1. Let g be a(m). Suppose g*w = 2*s - 134, -4*w + 12 + 8 = 0. What is the tens digit of s?
7
Let s be 0 + 0 - (22 + 4 + -6). Let w be (2 + -3)/(5/s). Suppose -3*y + 5*x + 599 = 0, -w*y - 4*x = -0*y - 756. What is the hundreds digit of y?
1
Suppose 67*l - 220*l = 1380051 - 3712077. What is the tens digit of l?
4
Let d = 772 - -1712. What is the hundreds digit of d?
4
Let c = 6664 + -11